- 560/(-15))*(2 + 1). Let n be (1 - i/(-44)) + (-4)/(-22). What is the highest common factor of n and j?
4
Let w(i) = -i**3 + 11*i**2 + i - 7. Let q be w(11). Suppose 3*x - q*h = 194 + 19, 2*h = -6. Calculate the greatest common divisor of x and 134.
67
Let d = 3224 + -3034. What is the greatest common factor of 10 and d?
10
Let z be 8*(-1 + 3/6). Let o be 8 + 30/z - (-263)/2. Calculate the greatest common factor of o and 99.
33
Suppose -8*m = 10 - 34. Suppose -m*r + 13 + 2 = 0. Suppose 14 = 3*z + r*l - 22, -5*z + 60 = -4*l. What is the highest common factor of z and 96?
12
Let r be (-1)/(3 + (-43)/14). Let f = 6 - 0. Suppose -7*n + f*n = -7. What is the greatest common factor of n and r?
7
Let a(z) = -3*z + 4*z + 2 + 9 - 1. Let y be a(-5). Suppose -26 = -y*s + 4*s. Calculate the greatest common factor of 39 and s.
13
Let j be (-1)/(574/192 + (4 - -2 - 9)). What is the greatest common divisor of 354 and j?
6
Let v(o) = 10*o - 47. Suppose 6*w = 24 + 12. Let u be v(w). Let i(z) = 12*z**2 + 1. Let x be i(1). Calculate the highest common factor of u and x.
13
Let f = 107 - 75. Suppose 10*m = 11*m - f. Suppose -4*s + 0*s - 4*k = -32, -3*s = k - m. Calculate the greatest common factor of s and 12.
12
Let u be 0/(-1) - 12/(-3) - -40. Let d be (-12)/((-1)/((-10)/4)). Let w = -26 - d. Calculate the greatest common factor of w and u.
4
Let k(p) = 6*p**3 + 4*p**2 - 4*p. Let m be k(3). Suppose 2728*t - 12399 - 3969 = 0. Calculate the highest common factor of m and t.
6
Let s = 2183 + -1003. What is the greatest common divisor of 60 and s?
20
Let g be -6*(-1 + (-26)/3). Let m(w) = 35*w**3 + 5*w**2 - 5*w. Let p be m(2). What is the greatest common divisor of p and g?
58
Let i = 2488 - 2447. What is the highest common factor of i and 656?
41
Let l(r) = 5*r - 38. Let a be l(7). Let x(k) = -11*k - 10. Let u be x(a). What is the greatest common factor of 69 and u?
23
Suppose -2*x = 2*z - 58, -4*z + 3*x + 2*x + 89 = 0. Calculate the highest common factor of 8242 and z.
26
Let a(n) = -19 + 10*n**2 + 20 + n**3 - 6*n**2. Let o be a(-3). Let b = -8 + o. Calculate the greatest common divisor of b and 4.
2
Let g = 4044 + -3978. Calculate the greatest common divisor of g and 176.
22
Suppose 2*v + v = 4*r - 529, 4*v = 5*r - 661. Let k = r - 98. Calculate the greatest common divisor of 25 and k.
5
Suppose 31*q - 27983 - 10237 = 3*q. Calculate the greatest common factor of 105 and q.
105
Let v be (-7749)/(-18)*144/108. Calculate the highest common factor of v and 1886.
82
Let q = 115 + -101. Suppose -2*p - 2*b + 204 = 0, -11*b + q*b + 387 = 4*p. Calculate the highest common divisor of p and 11.
11
Suppose 2*q = 89 + 15. Suppose -18*r + 17202 - 16356 = 0. Suppose 0 = r*f - q*f + 910. What is the greatest common factor of 52 and f?
26
Suppose -n = q - 112, -233*n = -231*n - 4*q - 236. Calculate the highest common divisor of 48 and n.
6
Let x(z) = 4*z + 4*z**2 - 3*z**2 - 3*z**2 + 0 + 1. Let y be x(2). Let s be (y - -29) + (3 - 9)/3. Calculate the highest common factor of 14 and s.
14
Let g(s) be the second derivative of -99*s**5/20 - s**4/3 - s**3 - s**2 - 5*s - 10. Let r be g(-1). What is the greatest common factor of r and 99?
99
Let p(h) be the second derivative of 19*h**3/3 - 123*h**2 + 55*h. Let y be p(9). Calculate the greatest common factor of 72 and y.
24
Suppose o - q = -2, 0 = 7*q - 5*q - 4. Suppose -k - 4 + 2 = o. Let i be 15 + k + 4 - 1. What is the greatest common divisor of i and 4?
4
Let k(u) = -438*u - 1853. Let c be k(-13). What is the greatest common factor of 23 and c?
23
Let d(o) = 227*o - 1541. Let z be d(7). Calculate the greatest common divisor of 48 and z.
48
Let i(t) = 23*t**2 - 23*t - 6. Let v be i(-6). What is the greatest common factor of v and 440?
40
Let s be 5 + (1091925/1477 - (-4)/(-14)). Calculate the greatest common divisor of 434 and s.
62
Suppose 3*j - 1225 = -2*j + 4*b, 3*j + 5*b = 698. Let t = j - 131. Suppose -5*z = -0*z - t. What is the highest common divisor of 2 and z?
2
Let u(r) = r**2 - 40*r - 523. Let f be u(51). Calculate the greatest common divisor of 162 and f.
2
Let f be (-54)/12 - (-6)/(-4). Let b be ((-1)/3)/(2/f). Suppose -9*m = 168 - 222. What is the highest common factor of b and m?
1
Let o be ((-90)/12 - -6)/((-33)/242). Suppose 0 = -4*b - b + 2255. What is the greatest common divisor of b and o?
11
Let l = -93 - -95. Suppose l*q - 4*z = 274, -q + 415 = 2*q - 5*z. What is the greatest common divisor of 29 and q?
29
Let a = 259 + -233. Calculate the greatest common divisor of 871 and a.
13
Suppose -4*f + 23 = 4*l - 13, 0 = -2*f + l + 24. Let o = -960 - -971. Calculate the greatest common factor of f and o.
11
Suppose o - 313 = 277. What is the highest common factor of o and 708?
118
Let u(x) = 1159*x**2 - 20*x - 75. Let o be u(-4). What is the highest common factor of 54 and o?
27
Let n be 34/(-119) + ((-44)/(-7) - -1). Suppose 3*c - 213 = -h, -c - n*h + 61 = -10*h. What is the greatest common divisor of c and 455?
35
Suppose 0 = 195*d - 194*d - 4617. What is the highest common factor of d and 684?
171
Let f = -34 + 64. Suppose -x = 4*h - 62, 3*h - f = h - x. Calculate the greatest common factor of h and 120.
8
Let u = -177 - -178. Let z be u + 5 + 4 - 6. Calculate the highest common divisor of z and 64.
4
Let n be -53 + 50 + 2 + (2 - -4). Let k = -165 - -265. Calculate the greatest common factor of n and k.
5
Let m = -5005 - -5031. What is the greatest common divisor of m and 832?
26
Let t be (10 - (6 - 1) - 5) + 1*1825. Calculate the highest common divisor of t and 1241.
73
Suppose 0*f - 80 = -8*f. Suppose -f*n = -3*n - 420. Suppose -4*a - 5*b - 12 + n = 0, 5*a = -3*b + 60. Calculate the highest common divisor of 6 and a.
6
Let r(d) = 3*d**2 - 178*d - 112. Let k be r(60). Let g(s) = 4*s**2 - 2*s. Let q be g(4). Calculate the greatest common divisor of q and k.
8
Suppose -150*i = -142*i - 13568. Suppose -3*u - 4*v + i = 0, -5*u - 5*v + 2796 = -6*v. What is the highest common divisor of u and 56?
56
Let n = 26631 + -26384. Calculate the highest common factor of 1273 and n.
19
Let m(x) = 4*x**3 - 1 - 4*x**3 - 5*x**2 - 16*x + 2*x**3 - x**3. Let r be m(8). What is the highest common divisor of r and 36?
9
Let l be (-16)/3*198/(-264). Calculate the highest common divisor of 28 and l.
4
Let n be 1/(11/(-88)) + 24. Calculate the highest common divisor of n and 348.
4
Let c = -8839 + 8920. Calculate the greatest common factor of c and 3.
3
Let x = -102 + -73. Let c = 310 + x. Calculate the highest common divisor of 10 and c.
5
Let v be 96 + (-6)/(-36) + 34/12. Let b = v + -97. Suppose 0 = -b*o - 8*o + 80. What is the highest common divisor of o and 152?
8
Let r = -281 - -330. Let l = 7 + r. Calculate the highest common divisor of l and 12.
4
Let x(h) = 149*h + 15536. Let n be x(-104). What is the greatest common divisor of 21360 and n?
40
Let o be ((-2)/1)/(5 - (-276)/(-54)). Let x = -16 + o. Suppose x*b + 3*f - 36 = 0, -4*b + 4*f + 76 = 8*f. What is the greatest common divisor of b and 84?
21
Suppose -20*s + 21*s - 179 = 0. Let a = 212 - s. What is the highest common divisor of a and 55?
11
Suppose -3*r + 5*q + 105 = 0, q - 13 - 14 = -r. Suppose -4*o + 10 + r = 0. Suppose 154*a + 1649 - 10453 = 5056. What is the greatest common factor of a and o?
10
Let y be -1 - (-3)/(-6)*10. Let v be -3*y/9*4. Let h be (-207)/(-13) - (297/(-143) + 2). What is the highest common divisor of h and v?
8
Let h(a) = -27*a - 47. Let o be h(-8). Let n = 253 - o. What is the highest common divisor of 8 and n?
4
Let l(q) = -6*q**2 + 86*q + 2. Let h(r) = -r**3 - 7*r**2 + 20*r + 32. Let g be h(-9). Let w be l(g). What is the greatest common factor of w and 390?
30
Let u(d) = -385*d + 4228. Let g be u(11). Let x(q) = 4*q + 0*q + 17 + 12. Let s be x(g). Calculate the greatest common divisor of s and 9.
1
Let v(i) = -3*i + 8. Let s be v(4). Let x be s/(-14) - 123*4/(-42). Let q = x + 8. What is the highest common divisor of q and 5?
5
Suppose -20*q + 56*q - 54612 = 0. Calculate the greatest common factor of 41 and q.
41
Let z(k) = -2*k**3 - 16*k**2 + 16*k - 10. Let m be z(-9). Suppose 4*n - 9 = n. Suppose 6 - 3 = n*b. Calculate the highest common factor of b and m.
1
Let u = -16048 + 16947. What is the highest common factor of u and 261?
29
Let p = 82